 divided by 90?
87
Calculate the remainder when 449478 is divided by 461.
3
Calculate the remainder when 4648954 is divided by 62.
8
Calculate the remainder when 24390 is divided by 3425.
415
What is the remainder when 689329 is divided by 2394?
2251
Calculate the remainder when 2544014 is divided by 94.
92
What is the remainder when 184899 is divided by 184765?
134
What is the remainder when 167726354 is divided by 21?
5
What is the remainder when 56753799 is divided by 31013?
9
Calculate the remainder when 371193 is divided by 7584.
7161
What is the remainder when 13249 is divided by 829?
814
What is the remainder when 45282037 is divided by 18?
13
What is the remainder when 524303774 is divided by 465?
464
What is the remainder when 778426 is divided by 60?
46
Calculate the remainder when 217373 is divided by 2352.
989
Calculate the remainder when 89297 is divided by 4792.
3041
What is the remainder when 52220 is divided by 12304?
3004
What is the remainder when 51329 is divided by 552?
545
What is the remainder when 195953 is divided by 32641?
107
Calculate the remainder when 87123 is divided by 30.
3
What is the remainder when 1069717 is divided by 1311?
1252
Calculate the remainder when 13797857 is divided by 94505.
127
What is the remainder when 80417243 is divided by 2352?
11
What is the remainder when 2974346 is divided by 17?
9
What is the remainder when 160768 is divided by 2886?
2038
Calculate the remainder when 23230493 is divided by 5633.
1
Calculate the remainder when 210934 is divided by 16215.
139
What is the remainder when 12718393 is divided by 251?
223
Calculate the remainder when 58597490 is divided by 691.
690
Calculate the remainder when 553037 is divided by 48.
29
What is the remainder when 2990795 is divided by 182?
171
Calculate the remainder when 1759423 is divided by 439801.
219
What is the remainder when 1840102 is divided by 3077?
56
What is the remainder when 146344 is divided by 39?
16
Calculate the remainder when 4799900 is divided by 137140.
0
Calculate the remainder when 52269 is divided by 10389.
324
What is the remainder when 147746 is divided by 572?
170
What is the remainder when 1486755 is divided by 481?
465
Calculate the remainder when 3869907 is divided by 66.
63
Calculate the remainder when 6190324 is divided by 162.
142
Calculate the remainder when 3213807 is divided by 823.
815
Calculate the remainder when 21160032 is divided by 16165.
47
Calculate the remainder when 2529565 is divided by 302.
13
Calculate the remainder when 10695990 is divided by 236.
234
Calculate the remainder when 15258 is divided by 13754.
1504
Calculate the remainder when 76212143 is divided by 9.
8
Calculate the remainder when 551136 is divided by 22.
14
What is the remainder when 487515 is divided by 728?
483
What is the remainder when 23293 is divided by 1561?
1439
What is the remainder when 74169892 is divided by 4?
0
What is the remainder when 413601 is divided by 1760?
1
What is the remainder when 108481 is divided by 7742?
93
What is the remainder when 22588409 is divided by 98?
95
Calculate the remainder when 52549816 is divided by 442.
436
Calculate the remainder when 78976 is divided by 14813.
4911
What is the remainder when 191723 is divided by 21225?
698
What is the remainder when 15833997 is divided by 348?
345
Calculate the remainder when 27369374 is divided by 11.
10
What is the remainder when 554391 is divided by 59?
27
What is the remainder when 14291987 is divided by 4?
3
Calculate the remainder when 251153 is divided by 14772.
29
Calculate the remainder when 277305 is divided by 276293.
1012
What is the remainder when 178353 is divided by 679?
455
Calculate the remainder when 16816 is divided by 1212.
1060
Calculate the remainder when 39217 is divided by 265.
262
What is the remainder when 3028462 is divided by 1089?
1042
Calculate the remainder when 141533 is divided by 7194.
4847
Calculate the remainder when 184947936 is divided by 61649310.
6
What is the remainder when 16438416 is divided by 85?
11
Calculate the remainder when 44168116 is divided by 25.
16
What is the remainder when 3749358 is divided by 696?
6
Calculate the remainder when 2644597 is divided by 155562.
43
What is the remainder when 1450868 is divided by 18365?
33
Calculate the remainder when 1317613 is divided by 23525.
213
What is the remainder when 159469 is divided by 17701?
160
What is the remainder when 24963 is divided by 658?
617
What is the remainder when 148916824 is divided by 228?
220
Calculate the remainder when 607384 is divided by 144.
136
What is the remainder when 329115 is divided by 64?
27
What is the remainder when 19534394 is divided by 505?
489
What is the remainder when 3593756 is divided by 598927?
194
Calculate the remainder when 12681 is divided by 47.
38
Calculate the remainder when 3738464 is divided by 4.
0
Calculate the remainder when 99245 is divided by 98929.
316
Calculate the remainder when 44164910 is divided by 17.
15
What is the remainder when 73562 is divided by 135?
122
What is the remainder when 605863 is divided by 2366?
167
Calculate the remainder when 182571 is divided by 45454.
755
What is the remainder when 22260 is divided by 10100?
2060
What is the remainder when 30420174 is divided by 86?
82
What is the remainder when 2297615 is divided by 8975?
15
Calculate the remainder when 57974 is divided by 2459.
1417
Calculate the remainder when 897339 is divided by 299035.
234
Calculate the remainder when 15415299 is divided by 25.
24
Calculate the remainder when 2917 is divided by 611.
473
Calculate the remainder when 25234 is divided by 17515.
7719
Calculate the remainder when 823727 is divided by 498.
35
Calculate the remainder when 16067811 is divided by 42.
39
Calculate the remainder when 132718906 is divided by 915.
901
Calculate the remainder when 300354 is divided by 60.
54
Calculate the remainder when 578934 is divided by 1456.
902
What is the remainder when 1073462 is divided by 5449?
9
Calculate the remainder when 3793447 is divided by 1896715.
17
Calculate the remainder when 259857 is divided by 21654.
9
What is the remainder when 73970 is divided by 66?
50
What is the remainder when 99937 is divided by 14020?
1797
What is the remainder when 2796120 is divided by 17?
11
What is the remainder when 1038116 is divided by 26617?
53
Calculate the remainder when 1012003 is divided by 337316.
55
What is the remainder when 184234 is divided by 212?
6
Calculate the remainder when 839094 is divided by 279690.
24
Calculate the remainder when 2745708 is divided by 66966.
102
What is the remainder when 570000 is divided by 284968?
64
What is the remainder when 13698 is divided by 2110?
1038
Calculate the remainder when 15223450 is divided by 689.
684
What is the remainder when 231189 is divided by 2823?
2526
Calculate the remainder when 13033828 is divided by 3056.
3044
What is the remainder when 375445 is divided by 75062?
135
Calculate the remainder when 3440715 is divided by 4694.
13
Calculate the remainder when 471075417 is divided by 447.
444
What is the remainder when 1456191 is divided by 1600?
191
Calculate the remainder when 137688 is divided by 745.
608
Calculate the remainder when 1243104 is divided by 585.
564
What is the remainder when 519293 is divided by 2128?
61
What is the remainder when 562575394 is divided by 695?
694
What is the remainder when 629350 is divided by 76?
70
Calculate the remainder when 755434 is divided by 4292.
42
Calculate the remainder when 5602828 is divided by 64.
12
Calculate the remainder when 25494741 is divided by 75.
66
Calculate the remainder when 88373 is divided by 2617.
2012
What is the remainder when 215521 is divided by 70?
61
Calculate the remainder when 3406009 is divided by 45.
4
What is the remainder when 167356 is divided by 287?
35
What is the remainder when 18706783 is divided by 135556?
55
Calculate the remainder when 101404 is divided by 12670.
44
Calculate the remainder when 1512 is divided by 354.
96
What is the remainder when 335079359 is divided by 660?
659
What is the remainder when 158065 is divided by 102?
67
Calculate the remainder when 5715353 is divided by 2646.
2639
Calculate the remainder when 611058584 is divided by 439.
436
W